 a be s(8). Let q be a/(-1)*(2 - 1). What is the greatest common divisor of v and q?
4
Suppose -3*t = -84 - 315. Calculate the greatest common factor of t and 19.
19
Let z(k) = -k + 8. Let q be z(4). Suppose -q*n - 1 = -5*n. Let b(m) = 14*m - 1. Let j be b(n). Calculate the highest common factor of 91 and j.
13
Let v = -57 - -61. What is the greatest common divisor of v and 28?
4
Let q be ((-452)/(-20))/((-2)/(-10)) - -3. Calculate the highest common divisor of q and 29.
29
Let x be (-860)/(-12) - 2/(-6). What is the greatest common factor of 36 and x?
36
Let w(c) = -6*c - 8. Let m be w(-2). What is the highest common divisor of 36 and m?
4
Suppose -5*n = -5*r + 30, 2*n - 5*r = 4*n + 5. Let b be (-2 - n)*(-4)/(-6). Let g be -1 + b - (-13 + 2). Calculate the highest common divisor of 108 and g.
12
Let r be (-33)/(-12) - (-2)/8. Suppose y - r*p - 2 = -0*y, -5*y + 2*p + 49 = 0. Let i be 7/1*(12 + -1). What is the greatest common factor of i and y?
11
Let f(y) = -y**2 + y. Suppose -1 = 2*b - z - 0, -1 = 4*b - z. Let k be f(b). Suppose k = 5*p - 3 - 17. What is the greatest common divisor of p and 2?
2
Let b(p) = -p - 1. Let s be b(5). Let j(o) = o**3 + 8*o**2 - 3*o - 9. Let r be j(s). Calculate the greatest common divisor of 9 and r.
9
Let b(d) = 2*d + 2. Let h be b(3). Let l(o) = o**2 + 22*o + 44. Let p be l(-20). Calculate the greatest common factor of h and p.
4
Let q be (-87)/(-21) - (-2)/(-14). What is the highest common divisor of q and 44?
4
Suppose g - 108 = -281. Suppose -3*p + 799 = -0*p + 4*v, -3*v - 510 = -2*p. Let c = g + p. What is the highest common factor of c and 8?
8
Let r = -4 - 0. Let d = r - -53. What is the highest common divisor of d and 7?
7
Suppose 2*g = -0*g - 130. Let z = -44 - g. Let k be 232 + (2 - 3 - 0). What is the greatest common divisor of k and z?
21
Let x = -12 - -17. Suppose -z = -x*z + 5*m + 23, z + 8 = 4*m. What is the greatest common factor of 36 and z?
12
Let n = 89 + -17. Calculate the highest common divisor of n and 36.
36
Suppose -q - b = 11 - 4, -5*q + 5*b = -15. Let m = 1 - q. What is the greatest common divisor of m and 1?
1
Suppose -1 = 5*i - 16. Suppose -85 + 26 = -5*o + 2*q, -74 = -5*o - i*q. Calculate the highest common factor of o and 13.
13
Let f(z) = -z - 12. Let o be f(-6). Let c be 70/9 + o/(-27). Suppose -19 = -r - 2*x, 5*x = r - 48 + c. Calculate the highest common factor of r and 10.
5
Let w(v) = 2*v**2 + 3*v + 3*v**2 + 6 - 4*v**2 + 6*v. Let t be w(-9). Let p(k) = 6*k - 6. Let h be p(5). What is the greatest common factor of h and t?
6
Let d = 355 + -212. Suppose -5*q - 37 = -4*h, 2*q = 9 - 3. What is the highest common factor of h and d?
13
Suppose 0*q - 5*q + 20 = 0. What is the greatest common divisor of q and 44?
4
Let t = 17 + 11. Suppose 4*z - 32 = -4*u, -3*z - 2*u + t = -0*u. Calculate the greatest common divisor of 108 and z.
12
Suppose -4*g + 6 = -3*g. What is the highest common factor of g and 42?
6
Let p(x) = x**3 - x**2 - 14*x + 3. Let c be p(6). What is the highest common divisor of 11 and c?
11
Let w(y) = -7*y. Let u be w(3). Let h be 192/21 - (-3)/u. What is the highest common divisor of h and 99?
9
Suppose -56 = -2*k - 5*u, -4*k + u + 48 + 20 = 0. Calculate the greatest common divisor of k and 24.
6
Let y = 15 - 12. Let x(u) = 7*u + 7. Let b be x(y). Calculate the greatest common factor of 7 and b.
7
Suppose 5*m - 19 = -i, 5*m + 6 = -3*i + 33. Suppose i*h = 9*h - 20. Calculate the greatest common factor of h and 1.
1
Let b be (-1 - -2)*(-7 - -68). Let j = b + -41. Calculate the highest common divisor of 10 and j.
10
Suppose 0 = -2*b + 5*g - 8 + 21, 2*b - g - 17 = 0. Calculate the greatest common factor of 3 and b.
3
Suppose -5*t + 9*p + 155 = 4*p, 3*t + 3*p = 87. Suppose 0 = -6*m + 7*m - 75. What is the greatest common factor of t and m?
15
Suppose 8*c + 1 = 9*c. Let j(t) = 24*t**3 + t**2 - 1. Let a be j(c). What is the highest common divisor of 60 and a?
12
Let x = 7 - -17. What is the greatest common divisor of 36 and x?
12
Let p(s) = 23*s**3 + s**2 + 6*s - 5. Let l be p(2). Calculate the greatest common divisor of l and 39.
39
Let x be -2 - -12 - (2 + 3). Calculate the greatest common divisor of x and 20.
5
Let r(q) be the third derivative of -q**6/120 - q**5/60 + 5*q**4/24 + q**3/2 + q**2. Let b be r(-3). What is the greatest common factor of b and 2?
2
Suppose 2*w - q + 0*q - 55 = 0, 130 = 5*w - 5*q. What is the greatest common factor of w and 145?
29
Let j be (1 - 0)/(3/(-237)). Let u = -43 - j. Let r = -1 + u. Calculate the highest common divisor of 14 and r.
7
Let w(j) = j**3 - j**2 + j + 56. Suppose 0 = 2*h - 6, 13 = 2*u - 5*h + 28. Let v be w(u). Calculate the greatest common divisor of 7 and v.
7
Let l = -2 - -7. Suppose 60 = l*p - 2*p. Suppose -y = -2*k - 38 - 22, -5*k = y - 25. Calculate the greatest common divisor of y and p.
10
Suppose u + u = 30. Let m be 8*-10*5/(50/(-15)). What is the highest common factor of u and m?
15
Suppose 2*f + l - 23 = 0, -3*f - 3*l + 51 = f. Suppose -15 = -2*a - 3*x + 42, -26 = -a - 2*x. Calculate the highest common factor of f and a.
9
Let q(p) = 2*p + 14. Let y be q(-6). Suppose -y*a + 77 = -3*w, 0*w + 4*w = 4. Calculate the highest common factor of a and 16.
8
Let k be (-26)/(-4) + 4/8. Let f be ((-32)/20)/((-4)/70). Let y be (f/(-6))/((-4)/30). Calculate the greatest common factor of y and k.
7
Let b(z) = -38*z + 4. Let j be b(-2). Calculate the greatest common divisor of 20 and j.
20
Suppose 9*u = -22 + 58. Calculate the highest common divisor of 16 and u.
4
Suppose 3*n - 4*b = -0*b + 62, 4*n - 4*b = 84. What is the greatest common divisor of 99 and n?
11
Let p be ((-4)/(-10))/((-2)/(-20)). Let f be 306/4*8/p. Calculate the greatest common divisor of 17 and f.
17
Let l be (6/5)/(14/420). What is the greatest common divisor of 9 and l?
9
Suppose -4*k + 3*k + 48 = 0. What is the highest common divisor of k and 6?
6
Let i be (112/24)/((-1)/(-3)). What is the greatest common factor of i and 49?
7
Suppose 3*s + 2 = -s - 2*k, -s - k = -1. Let y = 10 + s. Calculate the highest common factor of 2 and y.
2
Suppose -10 = 5*h, 5*m = 3*h + 39 + 37. Calculate the highest common factor of m and 98.
14
Let z = -156 + 271. What is the highest common divisor of z and 23?
23
Let a be -1 + 2 + 11*1. Let q = 239 + -233. Calculate the greatest common factor of q and a.
6
Let l = 4 + 2. Suppose t - l*t = 260. Let b = 91 + t. Calculate the highest common divisor of b and 13.
13
Let h(w) = w**3 - 4*w**2 + 4*w - 6. Let a = 3 + 1. Let q be h(a). What is the greatest common divisor of 70 and q?
10
Let g(r) = r**2 - r + 19. Let t be g(0). Let z(s) = 13*s - 15. Let o be z(7). What is the greatest common factor of t and o?
19
Let l(g) = g**3 + 5*g**2 + 8. Let q be l(-5). Calculate the highest common factor of 64 and q.
8
Let g(j) = -8*j + 2. Let y be g(-2). Let w(r) = -6*r - 1. Let t be w(-4). Suppose 0 = -3*n + 13 + t. Calculate the greatest common factor of n and y.
6
Suppose -3*b = 4 - 10. Suppose -4*q = -6 - b. What is the greatest common divisor of q and 1?
1
Let x(z) = -z + 10. Let h be x(7). Suppose -17 = -5*f + l + 33, h*f - 13 = 4*l. Calculate the highest common factor of f and 99.
11
Let b = -35 + 48. What is the greatest common divisor of 143 and b?
13
Suppose -2*w + 152 = 20. Suppose d = 2*d - w. What is the greatest common factor of d and 6?
6
Let n = 4 + -4. Suppose 2*f + n*f = 6. Suppose 5*s + 3*z - 194 = 0, f = -3*z - 3. What is the highest common divisor of s and 16?
8
Let w(z) = z + 4. Let m be w(6). Let q be 876/m - 4/(-10). What is the highest common factor of 22 and q?
22
Let d = 54 + -19. What is the highest common divisor of 245 and d?
35
Let v be (-5)/(-25) - (-128)/10. Calculate the greatest common factor of v and 91.
13
Let n = -12 - -4. Let g be (12/n)/(1/(-132)). Calculate the greatest common divisor of g and 22.
22
Suppose -465 = -2*l - 3*l - 5*c, -4*l = 2*c - 370. Calculate the greatest common divisor of 23 and l.
23
Let v = -41 - -95. Let l = -184 - -190. Calculate the greatest common factor of l and v.
6
Suppose 5*s = s + 44. Calculate the highest common divisor of s and 99.
11
Suppose 2*k = 2, 3*m - 57 = -0*m - 3*k. Let x = -33 - -60. Calculate the highest common divisor of m and x.
9
Suppose -11 - 34 = -3*b. Let g be